{"id":263,"date":"2025-04-15T18:37:15","date_gmt":"2025-04-15T17:37:15","guid":{"rendered":"https:\/\/www.3xmais.pt\/?page_id=263"},"modified":"2025-04-15T19:16:00","modified_gmt":"2025-04-15T18:16:00","slug":"eventos","status":"publish","type":"page","link":"https:\/\/www.3xmais.pt\/?page_id=263","title":{"rendered":"Eventos"},"content":{"rendered":"\n<p class=\"is-style-default has-contrast-color has-text-color has-link-color has-x-large-font-size wp-elements-391a77453240c6ae23cac160c4a7ac2f\">Espet\u00e1culos memor\u00e1veis, planeados com mestria! Organizamos eventos musicais, teatrais e similares com criatividade e excel\u00eancia, transformando cada momento em pura magia.\u200b<\/p>\n\n\n\n<figure class=\"wp-block-image\"><img loading=\"lazy\" decoding=\"async\" width=\"1024\" height=\"683\" src=\"http:\/\/www.3xmais.pt\/wp-content\/uploads\/2025\/04\/pexels-joshsorenson-976866-1024x683.jpg\" alt=\"\" class=\"wp-image-273\" style=\"aspect-ratio:4\/3;object-fit:cover\" srcset=\"https:\/\/www.3xmais.pt\/wp-content\/uploads\/2025\/04\/pexels-joshsorenson-976866-1024x683.jpg 1024w, https:\/\/www.3xmais.pt\/wp-content\/uploads\/2025\/04\/pexels-joshsorenson-976866-300x200.jpg 300w, https:\/\/www.3xmais.pt\/wp-content\/uploads\/2025\/04\/pexels-joshsorenson-976866-768x512.jpg 768w, https:\/\/www.3xmais.pt\/wp-content\/uploads\/2025\/04\/pexels-joshsorenson-976866-1536x1024.jpg 1536w, https:\/\/www.3xmais.pt\/wp-content\/uploads\/2025\/04\/pexels-joshsorenson-976866-2048x1365.jpg 2048w\" sizes=\"auto, (max-width: 1024px) 100vw, 1024px\" \/><\/figure>\n\n\n\n<p class=\"has-text-align-left has-contrast-color has-text-color has-link-color has-x-large-font-size wp-elements-9d13a8a313aacb46cdcffea1a4532c2c\">Eventos inesquec\u00edveis, planeados com perfei\u00e7\u00e3o! Transformamos casamentos, batizados, anivers\u00e1rios, congressos e feiras em momentos \u00fanicos com uma organiza\u00e7\u00e3o muito atenta ao detalhe.\u200b<\/p>\n\n\n\n<div class=\"wp-block-columns is-layout-flex wp-container-core-columns-is-layout-28f84493 wp-block-columns-is-layout-flex\">\n<div class=\"wp-block-column is-layout-flow wp-block-column-is-layout-flow\">\n<figure class=\"wp-block-image size-large\"><img loading=\"lazy\" decoding=\"async\" width=\"1024\" height=\"684\" src=\"http:\/\/www.3xmais.pt\/wp-content\/uploads\/2025\/04\/pexels-cottonbro-3171837-1024x684.jpg\" alt=\"\" class=\"wp-image-276\" style=\"aspect-ratio:4\/3;object-fit:cover\" srcset=\"https:\/\/www.3xmais.pt\/wp-content\/uploads\/2025\/04\/pexels-cottonbro-3171837-1024x684.jpg 1024w, https:\/\/www.3xmais.pt\/wp-content\/uploads\/2025\/04\/pexels-cottonbro-3171837-300x200.jpg 300w, https:\/\/www.3xmais.pt\/wp-content\/uploads\/2025\/04\/pexels-cottonbro-3171837-768x513.jpg 768w, https:\/\/www.3xmais.pt\/wp-content\/uploads\/2025\/04\/pexels-cottonbro-3171837-1536x1026.jpg 1536w, https:\/\/www.3xmais.pt\/wp-content\/uploads\/2025\/04\/pexels-cottonbro-3171837-2048x1368.jpg 2048w\" sizes=\"auto, (max-width: 1024px) 100vw, 1024px\" \/><\/figure>\n<\/div>\n\n\n\n<div class=\"wp-block-column is-layout-flow wp-block-column-is-layout-flow\">\n<figure class=\"wp-block-image size-large\"><img loading=\"lazy\" decoding=\"async\" width=\"1024\" height=\"717\" src=\"https:\/\/www.3xmais.pt\/wp-content\/uploads\/2025\/04\/pexels-marketingtuig-66636-1-1024x717.jpg\" alt=\"\" class=\"wp-image-277\" style=\"aspect-ratio:4\/3;object-fit:cover\" srcset=\"https:\/\/www.3xmais.pt\/wp-content\/uploads\/2025\/04\/pexels-marketingtuig-66636-1-1024x717.jpg 1024w, https:\/\/www.3xmais.pt\/wp-content\/uploads\/2025\/04\/pexels-marketingtuig-66636-1-300x210.jpg 300w, https:\/\/www.3xmais.pt\/wp-content\/uploads\/2025\/04\/pexels-marketingtuig-66636-1-768x538.jpg 768w, https:\/\/www.3xmais.pt\/wp-content\/uploads\/2025\/04\/pexels-marketingtuig-66636-1-1536x1075.jpg 1536w, https:\/\/www.3xmais.pt\/wp-content\/uploads\/2025\/04\/pexels-marketingtuig-66636-1-2048x1434.jpg 2048w\" sizes=\"auto, (max-width: 1024px) 100vw, 1024px\" \/><\/figure>\n<\/div>\n<\/div>\n\n\n\n<p><\/p>\n","protected":false},"excerpt":{"rendered":"<p>Espet\u00e1culos memor\u00e1veis, planeados com mestria! Organizamos eventos musicais, teatrais e similares com criatividade e excel\u00eancia, transformando cada momento em pura magia.\u200b Eventos inesquec\u00edveis, planeados com perfei\u00e7\u00e3o! Transformamos casamentos, batizados, anivers\u00e1rios, congressos e feiras em momentos \u00fanicos com uma organiza\u00e7\u00e3o muito atenta ao detalhe.\u200b<\/p>\n","protected":false},"author":1,"featured_media":0,"parent":0,"menu_order":0,"comment_status":"closed","ping_status":"closed","template":"","meta":{"footnotes":""},"class_list":["post-263","page","type-page","status-publish","hentry"],"_links":{"self":[{"href":"https:\/\/www.3xmais.pt\/index.php?rest_route=\/wp\/v2\/pages\/263","targetHints":{"allow":["GET"]}}],"collection":[{"href":"https:\/\/www.3xmais.pt\/index.php?rest_route=\/wp\/v2\/pages"}],"about":[{"href":"https:\/\/www.3xmais.pt\/index.php?rest_route=\/wp\/v2\/types\/page"}],"author":[{"embeddable":true,"href":"https:\/\/www.3xmais.pt\/index.php?rest_route=\/wp\/v2\/users\/1"}],"replies":[{"embeddable":true,"href":"https:\/\/www.3xmais.pt\/index.php?rest_route=%2Fwp%2Fv2%2Fcomments&post=263"}],"version-history":[{"count":5,"href":"https:\/\/www.3xmais.pt\/index.php?rest_route=\/wp\/v2\/pages\/263\/revisions"}],"predecessor-version":[{"id":299,"href":"https:\/\/www.3xmais.pt\/index.php?rest_route=\/wp\/v2\/pages\/263\/revisions\/299"}],"wp:attachment":[{"href":"https:\/\/www.3xmais.pt\/index.php?rest_route=%2Fwp%2Fv2%2Fmedia&parent=263"}],"curies":[{"name":"wp","href":"https:\/\/api.w.org\/{rel}","templated":true}]}}